{"id":261661,"date":"2019-08-13T21:10:00","date_gmt":"2019-08-14T01:10:00","guid":{"rendered":"https:\/\/jupitermachinerie.ca\/produits\/produit\/machinerie-portable-pour-gouttieres\/"},"modified":"2024-11-21T11:27:02","modified_gmt":"2024-11-21T16:27:02","slug":"machinerie-portable-pour-gouttieres","status":"publish","type":"product","link":"https:\/\/jupitermachinerie.ca\/produits\/produit\/machinerie-portable-pour-gouttieres\/","title":{"rendered":"Machinerie portable pour goutti\u00e8res"},"content":{"rendered":"<p><strong>Caract\u00e9ristiques standards<\/strong><\/p>\n<ul>\n<li>Rouleaux d&rsquo;entra\u00eenement en polyur\u00e9thane<\/li>\n<li>Deux supports de bobine rotatifs \u00e0 360\u00b0 pour un chargement facile des bobines<\/li>\n<li>Rouleaux de formage en acier inoxydable<\/li>\n<li>Moteur \u00e9lectrique 3\/4 HP, 110 VAC, 60 Hz, 1 Ph, 11 AMP<\/li>\n<li>Commandes RUN\/JOG \u00e0 bouton-poussoir aux extr\u00e9mit\u00e9s d&rsquo;entr\u00e9e et de sortie<\/li>\n<li>Cadre en acier tubulaire soud\u00e9<\/li>\n<li>Tirage vers l&rsquo;avant, cisaille facile \u00e0 couper pour plus de pr\u00e9cision.<\/li>\n<li>La meilleure garantie de l&rsquo;industrie<\/li>\n<li>Circuit de s\u00e9curit\u00e9 contre les coupures de courant<\/li>\n<li>Bobines faciles \u00e0 soulever<\/li>\n<\/ul>\n","protected":false},"excerpt":{"rendered":"<p>Le plusieurs fois prim\u00e9 MACH II de New Tech Machinery a r\u00e9volutionn\u00e9 l&rsquo;industrie de la fabrication et de l&rsquo;installation de goutti\u00e8res sans joint et la seule fa\u00e7on d&rsquo;\u00eatre comp\u00e9titif est d&rsquo;en poss\u00e9der un. Ne soyez pas coinc\u00e9 avec une imitation, offrez-vous la machine la plus copi\u00e9e de l&rsquo;industrie!<\/p>\n<p>Mod\u00e8les disponibles:<br \/>\nMACH II 5\u00a0\u00bb<br \/>\nMACH II 6\u00a0\u00bb<br \/>\nMACH II Combo 5\u00a0\u00bb\/ 6\u00a0\u00bb<\/p>\n","protected":false},"featured_media":261662,"template":"","meta":[],"product_brand":[],"product_cat":[42,38],"product_tag":[115],"class_list":{"0":"post-261661","1":"product","2":"type-product","3":"status-publish","4":"has-post-thumbnail","6":"product_cat-equipements-speciaux","7":"product_cat-profileuses","8":"product_tag-newtechmachinery","10":"first","11":"instock","12":"virtual","13":"product-type-simple"},"yoast_head":"<!-- This site is optimized with the Yoast SEO Premium plugin v27.1 (Yoast SEO v27.4) - https:\/\/yoast.com\/product\/yoast-seo-premium-wordpress\/ -->\n<title>Machinerie portable pour goutti\u00e8res - Jupiter machinerie<\/title>\n<meta name=\"robots\" content=\"index, follow, max-snippet:-1, max-image-preview:large, max-video-preview:-1\" \/>\n<link rel=\"canonical\" href=\"https:\/\/jupitermachinerie.ca\/produits\/produit\/machinerie-portable-pour-gouttieres\/\" \/>\n<meta property=\"og:locale\" content=\"fr_CA\" \/>\n<meta property=\"og:type\" content=\"article\" \/>\n<meta property=\"og:title\" content=\"Machinerie portable pour goutti\u00e8res\" \/>\n<meta property=\"og:description\" content=\"Le plusieurs fois prim\u00e9 MACH II de New Tech Machinery a r\u00e9volutionn\u00e9 l&#039;industrie de la fabrication et de l&#039;installation de goutti\u00e8res sans joint et la seule fa\u00e7on d&#039;\u00eatre comp\u00e9titif est d&#039;en poss\u00e9der un. Ne soyez pas coinc\u00e9 avec une imitation, offrez-vous la machine la plus copi\u00e9e de l&#039;industrie!  Mod\u00e8les disponibles: MACH II 5&#039;&#039; MACH II 6&#039;&#039; MACH II Combo 5&#039;&#039;\/ 6&#039;&#039;\" \/>\n<meta property=\"og:url\" content=\"https:\/\/jupitermachinerie.ca\/produits\/produit\/machinerie-portable-pour-gouttieres\/\" \/>\n<meta property=\"og:site_name\" content=\"Jupiter machinerie\" \/>\n<meta property=\"article:publisher\" content=\"https:\/\/www.facebook.com\/jupiter.machinerie\" \/>\n<meta property=\"article:modified_time\" content=\"2024-11-21T16:27:02+00:00\" \/>\n<meta property=\"og:image\" content=\"https:\/\/jupitermachinerie.ca\/produits\/wp-content\/uploads\/2024\/03\/1-Mach-II-6-resized-5.jpg\" \/>\n\t<meta property=\"og:image:width\" content=\"900\" \/>\n\t<meta property=\"og:image:height\" content=\"900\" \/>\n\t<meta property=\"og:image:type\" content=\"image\/jpeg\" \/>\n<meta name=\"twitter:card\" content=\"summary_large_image\" \/>\n<script type=\"application\/ld+json\" class=\"yoast-schema-graph\">{\"@context\":\"https:\\\/\\\/schema.org\",\"@graph\":[{\"@type\":\"WebPage\",\"@id\":\"https:\\\/\\\/jupitermachinerie.ca\\\/produits\\\/produit\\\/machinerie-portable-pour-gouttieres\\\/\",\"url\":\"https:\\\/\\\/jupitermachinerie.ca\\\/produits\\\/produit\\\/machinerie-portable-pour-gouttieres\\\/\",\"name\":\"Machinerie portable pour goutti\u00e8res - Jupiter machinerie\",\"isPartOf\":{\"@id\":\"https:\\\/\\\/jupitermachinerie.ca\\\/produits\\\/#website\"},\"primaryImageOfPage\":{\"@id\":\"https:\\\/\\\/jupitermachinerie.ca\\\/produits\\\/produit\\\/machinerie-portable-pour-gouttieres\\\/#primaryimage\"},\"image\":{\"@id\":\"https:\\\/\\\/jupitermachinerie.ca\\\/produits\\\/produit\\\/machinerie-portable-pour-gouttieres\\\/#primaryimage\"},\"thumbnailUrl\":\"https:\\\/\\\/jupitermachinerie.ca\\\/produits\\\/wp-content\\\/uploads\\\/2024\\\/03\\\/1-Mach-II-6-resized-5.jpg\",\"datePublished\":\"2019-08-14T01:10:00+00:00\",\"dateModified\":\"2024-11-21T16:27:02+00:00\",\"breadcrumb\":{\"@id\":\"https:\\\/\\\/jupitermachinerie.ca\\\/produits\\\/produit\\\/machinerie-portable-pour-gouttieres\\\/#breadcrumb\"},\"inLanguage\":\"fr-CA\",\"potentialAction\":[{\"@type\":\"ReadAction\",\"target\":[\"https:\\\/\\\/jupitermachinerie.ca\\\/produits\\\/produit\\\/machinerie-portable-pour-gouttieres\\\/\"]}]},{\"@type\":\"ImageObject\",\"inLanguage\":\"fr-CA\",\"@id\":\"https:\\\/\\\/jupitermachinerie.ca\\\/produits\\\/produit\\\/machinerie-portable-pour-gouttieres\\\/#primaryimage\",\"url\":\"https:\\\/\\\/jupitermachinerie.ca\\\/produits\\\/wp-content\\\/uploads\\\/2024\\\/03\\\/1-Mach-II-6-resized-5.jpg\",\"contentUrl\":\"https:\\\/\\\/jupitermachinerie.ca\\\/produits\\\/wp-content\\\/uploads\\\/2024\\\/03\\\/1-Mach-II-6-resized-5.jpg\",\"width\":900,\"height\":900,\"caption\":\"Machinerie portable pour goutti\u00e8res\"},{\"@type\":\"BreadcrumbList\",\"@id\":\"https:\\\/\\\/jupitermachinerie.ca\\\/produits\\\/produit\\\/machinerie-portable-pour-gouttieres\\\/#breadcrumb\",\"itemListElement\":[{\"@type\":\"ListItem\",\"position\":1,\"name\":\"Accueil\",\"item\":\"https:\\\/\\\/jupitermachinerie.ca\\\/produits\\\/\"},{\"@type\":\"ListItem\",\"position\":2,\"name\":\"Boutique\",\"item\":\"https:\\\/\\\/jupitermachinerie.ca\\\/produits\\\/boutique\\\/\"},{\"@type\":\"ListItem\",\"position\":3,\"name\":\"Machinerie portable pour goutti\u00e8res\"}]},{\"@type\":\"WebSite\",\"@id\":\"https:\\\/\\\/jupitermachinerie.ca\\\/produits\\\/#website\",\"url\":\"https:\\\/\\\/jupitermachinerie.ca\\\/produits\\\/\",\"name\":\"Jupiter machinerie\",\"description\":\"\",\"publisher\":{\"@id\":\"https:\\\/\\\/jupitermachinerie.ca\\\/produits\\\/#organization\"},\"potentialAction\":[{\"@type\":\"SearchAction\",\"target\":{\"@type\":\"EntryPoint\",\"urlTemplate\":\"https:\\\/\\\/jupitermachinerie.ca\\\/produits\\\/?s={search_term_string}\"},\"query-input\":{\"@type\":\"PropertyValueSpecification\",\"valueRequired\":true,\"valueName\":\"search_term_string\"}}],\"inLanguage\":\"fr-CA\"},{\"@type\":\"Organization\",\"@id\":\"https:\\\/\\\/jupitermachinerie.ca\\\/produits\\\/#organization\",\"name\":\"Jupiter machinerie\",\"url\":\"https:\\\/\\\/jupitermachinerie.ca\\\/produits\\\/\",\"logo\":{\"@type\":\"ImageObject\",\"inLanguage\":\"fr-CA\",\"@id\":\"https:\\\/\\\/jupitermachinerie.ca\\\/produits\\\/#\\\/schema\\\/logo\\\/image\\\/\",\"url\":\"https:\\\/\\\/jupitermachinerie.ca\\\/produits\\\/wp-content\\\/uploads\\\/2026\\\/03\\\/LOGOfinal-copie1.jpg\",\"contentUrl\":\"https:\\\/\\\/jupitermachinerie.ca\\\/produits\\\/wp-content\\\/uploads\\\/2026\\\/03\\\/LOGOfinal-copie1.jpg\",\"width\":602,\"height\":334,\"caption\":\"Jupiter machinerie\"},\"image\":{\"@id\":\"https:\\\/\\\/jupitermachinerie.ca\\\/produits\\\/#\\\/schema\\\/logo\\\/image\\\/\"},\"sameAs\":[\"https:\\\/\\\/www.facebook.com\\\/jupiter.machinerie\",\"https:\\\/\\\/www.linkedin.com\\\/company\\\/jupitermachinerie\"]}]}<\/script>\n<!-- \/ Yoast SEO Premium plugin. -->","yoast_head_json":{"title":"Machinerie portable pour goutti\u00e8res - Jupiter machinerie","robots":{"index":"index","follow":"follow","max-snippet":"max-snippet:-1","max-image-preview":"max-image-preview:large","max-video-preview":"max-video-preview:-1"},"canonical":"https:\/\/jupitermachinerie.ca\/produits\/produit\/machinerie-portable-pour-gouttieres\/","og_locale":"fr_CA","og_type":"article","og_title":"Machinerie portable pour goutti\u00e8res","og_description":"Le plusieurs fois prim\u00e9 MACH II de New Tech Machinery a r\u00e9volutionn\u00e9 l'industrie de la fabrication et de l'installation de goutti\u00e8res sans joint et la seule fa\u00e7on d'\u00eatre comp\u00e9titif est d'en poss\u00e9der un. Ne soyez pas coinc\u00e9 avec une imitation, offrez-vous la machine la plus copi\u00e9e de l'industrie!  Mod\u00e8les disponibles: MACH II 5'' MACH II 6'' MACH II Combo 5''\/ 6''","og_url":"https:\/\/jupitermachinerie.ca\/produits\/produit\/machinerie-portable-pour-gouttieres\/","og_site_name":"Jupiter machinerie","article_publisher":"https:\/\/www.facebook.com\/jupiter.machinerie","article_modified_time":"2024-11-21T16:27:02+00:00","og_image":[{"width":900,"height":900,"url":"https:\/\/jupitermachinerie.ca\/produits\/wp-content\/uploads\/2024\/03\/1-Mach-II-6-resized-5.jpg","type":"image\/jpeg"}],"twitter_card":"summary_large_image","schema":{"@context":"https:\/\/schema.org","@graph":[{"@type":"WebPage","@id":"https:\/\/jupitermachinerie.ca\/produits\/produit\/machinerie-portable-pour-gouttieres\/","url":"https:\/\/jupitermachinerie.ca\/produits\/produit\/machinerie-portable-pour-gouttieres\/","name":"Machinerie portable pour goutti\u00e8res - Jupiter machinerie","isPartOf":{"@id":"https:\/\/jupitermachinerie.ca\/produits\/#website"},"primaryImageOfPage":{"@id":"https:\/\/jupitermachinerie.ca\/produits\/produit\/machinerie-portable-pour-gouttieres\/#primaryimage"},"image":{"@id":"https:\/\/jupitermachinerie.ca\/produits\/produit\/machinerie-portable-pour-gouttieres\/#primaryimage"},"thumbnailUrl":"https:\/\/jupitermachinerie.ca\/produits\/wp-content\/uploads\/2024\/03\/1-Mach-II-6-resized-5.jpg","datePublished":"2019-08-14T01:10:00+00:00","dateModified":"2024-11-21T16:27:02+00:00","breadcrumb":{"@id":"https:\/\/jupitermachinerie.ca\/produits\/produit\/machinerie-portable-pour-gouttieres\/#breadcrumb"},"inLanguage":"fr-CA","potentialAction":[{"@type":"ReadAction","target":["https:\/\/jupitermachinerie.ca\/produits\/produit\/machinerie-portable-pour-gouttieres\/"]}]},{"@type":"ImageObject","inLanguage":"fr-CA","@id":"https:\/\/jupitermachinerie.ca\/produits\/produit\/machinerie-portable-pour-gouttieres\/#primaryimage","url":"https:\/\/jupitermachinerie.ca\/produits\/wp-content\/uploads\/2024\/03\/1-Mach-II-6-resized-5.jpg","contentUrl":"https:\/\/jupitermachinerie.ca\/produits\/wp-content\/uploads\/2024\/03\/1-Mach-II-6-resized-5.jpg","width":900,"height":900,"caption":"Machinerie portable pour goutti\u00e8res"},{"@type":"BreadcrumbList","@id":"https:\/\/jupitermachinerie.ca\/produits\/produit\/machinerie-portable-pour-gouttieres\/#breadcrumb","itemListElement":[{"@type":"ListItem","position":1,"name":"Accueil","item":"https:\/\/jupitermachinerie.ca\/produits\/"},{"@type":"ListItem","position":2,"name":"Boutique","item":"https:\/\/jupitermachinerie.ca\/produits\/boutique\/"},{"@type":"ListItem","position":3,"name":"Machinerie portable pour goutti\u00e8res"}]},{"@type":"WebSite","@id":"https:\/\/jupitermachinerie.ca\/produits\/#website","url":"https:\/\/jupitermachinerie.ca\/produits\/","name":"Jupiter machinerie","description":"","publisher":{"@id":"https:\/\/jupitermachinerie.ca\/produits\/#organization"},"potentialAction":[{"@type":"SearchAction","target":{"@type":"EntryPoint","urlTemplate":"https:\/\/jupitermachinerie.ca\/produits\/?s={search_term_string}"},"query-input":{"@type":"PropertyValueSpecification","valueRequired":true,"valueName":"search_term_string"}}],"inLanguage":"fr-CA"},{"@type":"Organization","@id":"https:\/\/jupitermachinerie.ca\/produits\/#organization","name":"Jupiter machinerie","url":"https:\/\/jupitermachinerie.ca\/produits\/","logo":{"@type":"ImageObject","inLanguage":"fr-CA","@id":"https:\/\/jupitermachinerie.ca\/produits\/#\/schema\/logo\/image\/","url":"https:\/\/jupitermachinerie.ca\/produits\/wp-content\/uploads\/2026\/03\/LOGOfinal-copie1.jpg","contentUrl":"https:\/\/jupitermachinerie.ca\/produits\/wp-content\/uploads\/2026\/03\/LOGOfinal-copie1.jpg","width":602,"height":334,"caption":"Jupiter machinerie"},"image":{"@id":"https:\/\/jupitermachinerie.ca\/produits\/#\/schema\/logo\/image\/"},"sameAs":["https:\/\/www.facebook.com\/jupiter.machinerie","https:\/\/www.linkedin.com\/company\/jupitermachinerie"]}]}},"_links":{"self":[{"href":"https:\/\/jupitermachinerie.ca\/produits\/wp-json\/wp\/v2\/product\/261661","targetHints":{"allow":["GET"]}}],"collection":[{"href":"https:\/\/jupitermachinerie.ca\/produits\/wp-json\/wp\/v2\/product"}],"about":[{"href":"https:\/\/jupitermachinerie.ca\/produits\/wp-json\/wp\/v2\/types\/product"}],"wp:featuredmedia":[{"embeddable":true,"href":"https:\/\/jupitermachinerie.ca\/produits\/wp-json\/wp\/v2\/media\/261662"}],"wp:attachment":[{"href":"https:\/\/jupitermachinerie.ca\/produits\/wp-json\/wp\/v2\/media?parent=261661"}],"wp:term":[{"taxonomy":"product_brand","embeddable":true,"href":"https:\/\/jupitermachinerie.ca\/produits\/wp-json\/wp\/v2\/product_brand?post=261661"},{"taxonomy":"product_cat","embeddable":true,"href":"https:\/\/jupitermachinerie.ca\/produits\/wp-json\/wp\/v2\/product_cat?post=261661"},{"taxonomy":"product_tag","embeddable":true,"href":"https:\/\/jupitermachinerie.ca\/produits\/wp-json\/wp\/v2\/product_tag?post=261661"}],"curies":[{"name":"wp","href":"https:\/\/api.w.org\/{rel}","templated":true}]}}