{"id":261832,"date":"2019-09-30T10:13:00","date_gmt":"2019-09-30T14:13:00","guid":{"rendered":"https:\/\/jupitermachinerie.ca\/produits\/produit\/cintreuse-tauring-serie-alpha\/"},"modified":"2024-11-21T11:21:39","modified_gmt":"2024-11-21T16:21:39","slug":"cintreuse-tauring-serie-alpha","status":"publish","type":"product","link":"https:\/\/jupitermachinerie.ca\/produits\/produit\/cintreuse-tauring-serie-alpha\/","title":{"rendered":"Cintreuse Tauring S\u00e9rie Alpha"},"content":{"rendered":"","protected":false},"excerpt":{"rendered":"<p>ALPHA signifie machines \u00e0 cintrer \u00e0 double r\u00e9glage et trois rouleaux d&rsquo;entra\u00eenement. Ce type de machine permet de cintrer de tr\u00e8s longues barres car le rouleau d\u0092entr\u00e9e peut \u00eatre maintenu dans une position qui \u00e9vite les ondulations de profil\u00e9s et les d\u00e9formations cons\u00e9cutives. Ce type de machine \u00e0 cintrer peut \u00eatre \u00e9quip\u00e9 d&rsquo;excellents accessoires pour tout type de processus, avec une pr\u00e9disposition au cintrage de tubes ronds. De plus, le double r\u00e9glage permet d\u0092obtenir des rayons variables tr\u00e8s diff\u00e9rents les uns des autres, sur une m\u00eame barre de mat\u00e9riau.<br \/>\n<img decoding=\"async\" src=\"https:\/\/jupiternet.com\/wp-content\/uploads\/2019\/04\/Logos__0004_Tauring-150x150.png\" alt=\"\" width=\"150\" height=\"150\" class=\"alignnone size-thumbnail wp-image-207888\" \/><br \/>\nMod\u00e8les disponibles:<br \/>\nAlpha 40<br \/>\nAlpha 50<br \/>\nAlpha 80<br \/>\nAlpha 100<br \/>\nAlpha 120<br \/>\nAlpha 160<br \/>\nAlpha 200<\/p>\n","protected":false},"featured_media":261833,"template":"","meta":[],"product_brand":[],"product_cat":[35],"product_tag":[132],"class_list":{"0":"post-261832","1":"product","2":"type-product","3":"status-publish","4":"has-post-thumbnail","6":"product_cat-cintreuses","7":"product_tag-tauring","9":"first","10":"onbackorder","11":"virtual","12":"product-type-simple"},"yoast_head":"<!-- This site is optimized with the Yoast SEO Premium plugin v27.1 (Yoast SEO v27.4) - https:\/\/yoast.com\/product\/yoast-seo-premium-wordpress\/ -->\n<title>Cintreuse Tauring S\u00e9rie Alpha - Jupiter machinerie<\/title>\n<meta name=\"robots\" content=\"index, follow, max-snippet:-1, max-image-preview:large, max-video-preview:-1\" \/>\n<link rel=\"canonical\" href=\"https:\/\/jupitermachinerie.ca\/produits\/produit\/cintreuse-tauring-serie-alpha\/\" \/>\n<meta property=\"og:locale\" content=\"fr_CA\" \/>\n<meta property=\"og:type\" content=\"article\" \/>\n<meta property=\"og:title\" content=\"Cintreuse Tauring S\u00e9rie Alpha\" \/>\n<meta property=\"og:description\" content=\"ALPHA signifie machines \u00e0 cintrer \u00e0 double r\u00e9glage et trois rouleaux d&#039;entra\u00eenement. Ce type de machine permet de cintrer de tr\u00e8s longues barres car le rouleau d\u0092entr\u00e9e peut \u00eatre maintenu dans une position qui \u00e9vite les ondulations de profil\u00e9s et les d\u00e9formations cons\u00e9cutives. Ce type de machine \u00e0 cintrer peut \u00eatre \u00e9quip\u00e9 d&#039;excellents accessoires pour tout type de processus, avec une pr\u00e9disposition au cintrage de tubes ronds. De plus, le double r\u00e9glage permet d\u0092obtenir des rayons variables tr\u00e8s diff\u00e9rents les uns des autres, sur une m\u00eame barre de mat\u00e9riau.  Mod\u00e8les disponibles: Alpha 40 Alpha 50 Alpha 80 Alpha 100 Alpha 120 Alpha 160 Alpha 200\" \/>\n<meta property=\"og:url\" content=\"https:\/\/jupitermachinerie.ca\/produits\/produit\/cintreuse-tauring-serie-alpha\/\" \/>\n<meta property=\"og:site_name\" content=\"Jupiter machinerie\" \/>\n<meta property=\"article:publisher\" content=\"https:\/\/www.facebook.com\/jupiter.machinerie\" \/>\n<meta property=\"article:modified_time\" content=\"2024-11-21T16:21:39+00:00\" \/>\n<meta property=\"og:image\" content=\"https:\/\/jupitermachinerie.ca\/produits\/wp-content\/uploads\/2024\/03\/1-A40sito-4.jpg\" \/>\n\t<meta property=\"og:image:width\" content=\"600\" \/>\n\t<meta property=\"og:image:height\" content=\"600\" \/>\n\t<meta property=\"og:image:type\" content=\"image\/jpeg\" \/>\n<meta name=\"twitter:card\" content=\"summary_large_image\" \/>\n<script type=\"application\/ld+json\" class=\"yoast-schema-graph\">{\"@context\":\"https:\\\/\\\/schema.org\",\"@graph\":[{\"@type\":\"WebPage\",\"@id\":\"https:\\\/\\\/jupitermachinerie.ca\\\/produits\\\/produit\\\/cintreuse-tauring-serie-alpha\\\/\",\"url\":\"https:\\\/\\\/jupitermachinerie.ca\\\/produits\\\/produit\\\/cintreuse-tauring-serie-alpha\\\/\",\"name\":\"Cintreuse Tauring S\u00e9rie Alpha - Jupiter machinerie\",\"isPartOf\":{\"@id\":\"https:\\\/\\\/jupitermachinerie.ca\\\/produits\\\/#website\"},\"primaryImageOfPage\":{\"@id\":\"https:\\\/\\\/jupitermachinerie.ca\\\/produits\\\/produit\\\/cintreuse-tauring-serie-alpha\\\/#primaryimage\"},\"image\":{\"@id\":\"https:\\\/\\\/jupitermachinerie.ca\\\/produits\\\/produit\\\/cintreuse-tauring-serie-alpha\\\/#primaryimage\"},\"thumbnailUrl\":\"https:\\\/\\\/jupitermachinerie.ca\\\/produits\\\/wp-content\\\/uploads\\\/2024\\\/03\\\/1-A40sito-4.jpg\",\"datePublished\":\"2019-09-30T14:13:00+00:00\",\"dateModified\":\"2024-11-21T16:21:39+00:00\",\"breadcrumb\":{\"@id\":\"https:\\\/\\\/jupitermachinerie.ca\\\/produits\\\/produit\\\/cintreuse-tauring-serie-alpha\\\/#breadcrumb\"},\"inLanguage\":\"fr-CA\",\"potentialAction\":[{\"@type\":\"ReadAction\",\"target\":[\"https:\\\/\\\/jupitermachinerie.ca\\\/produits\\\/produit\\\/cintreuse-tauring-serie-alpha\\\/\"]}]},{\"@type\":\"ImageObject\",\"inLanguage\":\"fr-CA\",\"@id\":\"https:\\\/\\\/jupitermachinerie.ca\\\/produits\\\/produit\\\/cintreuse-tauring-serie-alpha\\\/#primaryimage\",\"url\":\"https:\\\/\\\/jupitermachinerie.ca\\\/produits\\\/wp-content\\\/uploads\\\/2024\\\/03\\\/1-A40sito-4.jpg\",\"contentUrl\":\"https:\\\/\\\/jupitermachinerie.ca\\\/produits\\\/wp-content\\\/uploads\\\/2024\\\/03\\\/1-A40sito-4.jpg\",\"width\":600,\"height\":600,\"caption\":\"Cintreuse Tauring S\u00e9rie Alpha\"},{\"@type\":\"BreadcrumbList\",\"@id\":\"https:\\\/\\\/jupitermachinerie.ca\\\/produits\\\/produit\\\/cintreuse-tauring-serie-alpha\\\/#breadcrumb\",\"itemListElement\":[{\"@type\":\"ListItem\",\"position\":1,\"name\":\"Accueil\",\"item\":\"https:\\\/\\\/jupitermachinerie.ca\\\/produits\\\/\"},{\"@type\":\"ListItem\",\"position\":2,\"name\":\"Boutique\",\"item\":\"https:\\\/\\\/jupitermachinerie.ca\\\/produits\\\/boutique\\\/\"},{\"@type\":\"ListItem\",\"position\":3,\"name\":\"Cintreuse Tauring S\u00e9rie Alpha\"}]},{\"@type\":\"WebSite\",\"@id\":\"https:\\\/\\\/jupitermachinerie.ca\\\/produits\\\/#website\",\"url\":\"https:\\\/\\\/jupitermachinerie.ca\\\/produits\\\/\",\"name\":\"Jupiter machinerie\",\"description\":\"\",\"publisher\":{\"@id\":\"https:\\\/\\\/jupitermachinerie.ca\\\/produits\\\/#organization\"},\"potentialAction\":[{\"@type\":\"SearchAction\",\"target\":{\"@type\":\"EntryPoint\",\"urlTemplate\":\"https:\\\/\\\/jupitermachinerie.ca\\\/produits\\\/?s={search_term_string}\"},\"query-input\":{\"@type\":\"PropertyValueSpecification\",\"valueRequired\":true,\"valueName\":\"search_term_string\"}}],\"inLanguage\":\"fr-CA\"},{\"@type\":\"Organization\",\"@id\":\"https:\\\/\\\/jupitermachinerie.ca\\\/produits\\\/#organization\",\"name\":\"Jupiter machinerie\",\"url\":\"https:\\\/\\\/jupitermachinerie.ca\\\/produits\\\/\",\"logo\":{\"@type\":\"ImageObject\",\"inLanguage\":\"fr-CA\",\"@id\":\"https:\\\/\\\/jupitermachinerie.ca\\\/produits\\\/#\\\/schema\\\/logo\\\/image\\\/\",\"url\":\"https:\\\/\\\/jupitermachinerie.ca\\\/produits\\\/wp-content\\\/uploads\\\/2026\\\/03\\\/LOGOfinal-copie1.jpg\",\"contentUrl\":\"https:\\\/\\\/jupitermachinerie.ca\\\/produits\\\/wp-content\\\/uploads\\\/2026\\\/03\\\/LOGOfinal-copie1.jpg\",\"width\":602,\"height\":334,\"caption\":\"Jupiter machinerie\"},\"image\":{\"@id\":\"https:\\\/\\\/jupitermachinerie.ca\\\/produits\\\/#\\\/schema\\\/logo\\\/image\\\/\"},\"sameAs\":[\"https:\\\/\\\/www.facebook.com\\\/jupiter.machinerie\",\"https:\\\/\\\/www.linkedin.com\\\/company\\\/jupitermachinerie\"]}]}<\/script>\n<!-- \/ Yoast SEO Premium plugin. -->","yoast_head_json":{"title":"Cintreuse Tauring S\u00e9rie Alpha - Jupiter machinerie","robots":{"index":"index","follow":"follow","max-snippet":"max-snippet:-1","max-image-preview":"max-image-preview:large","max-video-preview":"max-video-preview:-1"},"canonical":"https:\/\/jupitermachinerie.ca\/produits\/produit\/cintreuse-tauring-serie-alpha\/","og_locale":"fr_CA","og_type":"article","og_title":"Cintreuse Tauring S\u00e9rie Alpha","og_description":"ALPHA signifie machines \u00e0 cintrer \u00e0 double r\u00e9glage et trois rouleaux d'entra\u00eenement. Ce type de machine permet de cintrer de tr\u00e8s longues barres car le rouleau d\u0092entr\u00e9e peut \u00eatre maintenu dans une position qui \u00e9vite les ondulations de profil\u00e9s et les d\u00e9formations cons\u00e9cutives. Ce type de machine \u00e0 cintrer peut \u00eatre \u00e9quip\u00e9 d'excellents accessoires pour tout type de processus, avec une pr\u00e9disposition au cintrage de tubes ronds. De plus, le double r\u00e9glage permet d\u0092obtenir des rayons variables tr\u00e8s diff\u00e9rents les uns des autres, sur une m\u00eame barre de mat\u00e9riau.  Mod\u00e8les disponibles: Alpha 40 Alpha 50 Alpha 80 Alpha 100 Alpha 120 Alpha 160 Alpha 200","og_url":"https:\/\/jupitermachinerie.ca\/produits\/produit\/cintreuse-tauring-serie-alpha\/","og_site_name":"Jupiter machinerie","article_publisher":"https:\/\/www.facebook.com\/jupiter.machinerie","article_modified_time":"2024-11-21T16:21:39+00:00","og_image":[{"width":600,"height":600,"url":"https:\/\/jupitermachinerie.ca\/produits\/wp-content\/uploads\/2024\/03\/1-A40sito-4.jpg","type":"image\/jpeg"}],"twitter_card":"summary_large_image","schema":{"@context":"https:\/\/schema.org","@graph":[{"@type":"WebPage","@id":"https:\/\/jupitermachinerie.ca\/produits\/produit\/cintreuse-tauring-serie-alpha\/","url":"https:\/\/jupitermachinerie.ca\/produits\/produit\/cintreuse-tauring-serie-alpha\/","name":"Cintreuse Tauring S\u00e9rie Alpha - Jupiter machinerie","isPartOf":{"@id":"https:\/\/jupitermachinerie.ca\/produits\/#website"},"primaryImageOfPage":{"@id":"https:\/\/jupitermachinerie.ca\/produits\/produit\/cintreuse-tauring-serie-alpha\/#primaryimage"},"image":{"@id":"https:\/\/jupitermachinerie.ca\/produits\/produit\/cintreuse-tauring-serie-alpha\/#primaryimage"},"thumbnailUrl":"https:\/\/jupitermachinerie.ca\/produits\/wp-content\/uploads\/2024\/03\/1-A40sito-4.jpg","datePublished":"2019-09-30T14:13:00+00:00","dateModified":"2024-11-21T16:21:39+00:00","breadcrumb":{"@id":"https:\/\/jupitermachinerie.ca\/produits\/produit\/cintreuse-tauring-serie-alpha\/#breadcrumb"},"inLanguage":"fr-CA","potentialAction":[{"@type":"ReadAction","target":["https:\/\/jupitermachinerie.ca\/produits\/produit\/cintreuse-tauring-serie-alpha\/"]}]},{"@type":"ImageObject","inLanguage":"fr-CA","@id":"https:\/\/jupitermachinerie.ca\/produits\/produit\/cintreuse-tauring-serie-alpha\/#primaryimage","url":"https:\/\/jupitermachinerie.ca\/produits\/wp-content\/uploads\/2024\/03\/1-A40sito-4.jpg","contentUrl":"https:\/\/jupitermachinerie.ca\/produits\/wp-content\/uploads\/2024\/03\/1-A40sito-4.jpg","width":600,"height":600,"caption":"Cintreuse Tauring S\u00e9rie Alpha"},{"@type":"BreadcrumbList","@id":"https:\/\/jupitermachinerie.ca\/produits\/produit\/cintreuse-tauring-serie-alpha\/#breadcrumb","itemListElement":[{"@type":"ListItem","position":1,"name":"Accueil","item":"https:\/\/jupitermachinerie.ca\/produits\/"},{"@type":"ListItem","position":2,"name":"Boutique","item":"https:\/\/jupitermachinerie.ca\/produits\/boutique\/"},{"@type":"ListItem","position":3,"name":"Cintreuse Tauring S\u00e9rie Alpha"}]},{"@type":"WebSite","@id":"https:\/\/jupitermachinerie.ca\/produits\/#website","url":"https:\/\/jupitermachinerie.ca\/produits\/","name":"Jupiter machinerie","description":"","publisher":{"@id":"https:\/\/jupitermachinerie.ca\/produits\/#organization"},"potentialAction":[{"@type":"SearchAction","target":{"@type":"EntryPoint","urlTemplate":"https:\/\/jupitermachinerie.ca\/produits\/?s={search_term_string}"},"query-input":{"@type":"PropertyValueSpecification","valueRequired":true,"valueName":"search_term_string"}}],"inLanguage":"fr-CA"},{"@type":"Organization","@id":"https:\/\/jupitermachinerie.ca\/produits\/#organization","name":"Jupiter machinerie","url":"https:\/\/jupitermachinerie.ca\/produits\/","logo":{"@type":"ImageObject","inLanguage":"fr-CA","@id":"https:\/\/jupitermachinerie.ca\/produits\/#\/schema\/logo\/image\/","url":"https:\/\/jupitermachinerie.ca\/produits\/wp-content\/uploads\/2026\/03\/LOGOfinal-copie1.jpg","contentUrl":"https:\/\/jupitermachinerie.ca\/produits\/wp-content\/uploads\/2026\/03\/LOGOfinal-copie1.jpg","width":602,"height":334,"caption":"Jupiter machinerie"},"image":{"@id":"https:\/\/jupitermachinerie.ca\/produits\/#\/schema\/logo\/image\/"},"sameAs":["https:\/\/www.facebook.com\/jupiter.machinerie","https:\/\/www.linkedin.com\/company\/jupitermachinerie"]}]}},"_links":{"self":[{"href":"https:\/\/jupitermachinerie.ca\/produits\/wp-json\/wp\/v2\/product\/261832","targetHints":{"allow":["GET"]}}],"collection":[{"href":"https:\/\/jupitermachinerie.ca\/produits\/wp-json\/wp\/v2\/product"}],"about":[{"href":"https:\/\/jupitermachinerie.ca\/produits\/wp-json\/wp\/v2\/types\/product"}],"wp:featuredmedia":[{"embeddable":true,"href":"https:\/\/jupitermachinerie.ca\/produits\/wp-json\/wp\/v2\/media\/261833"}],"wp:attachment":[{"href":"https:\/\/jupitermachinerie.ca\/produits\/wp-json\/wp\/v2\/media?parent=261832"}],"wp:term":[{"taxonomy":"product_brand","embeddable":true,"href":"https:\/\/jupitermachinerie.ca\/produits\/wp-json\/wp\/v2\/product_brand?post=261832"},{"taxonomy":"product_cat","embeddable":true,"href":"https:\/\/jupitermachinerie.ca\/produits\/wp-json\/wp\/v2\/product_cat?post=261832"},{"taxonomy":"product_tag","embeddable":true,"href":"https:\/\/jupitermachinerie.ca\/produits\/wp-json\/wp\/v2\/product_tag?post=261832"}],"curies":[{"name":"wp","href":"https:\/\/api.w.org\/{rel}","templated":true}]}}